)?
6
Let y(q) be the third derivative of -q**4/24 - 22*q**3/3 + 2177*q**2. Give y(-8).
-36
Let n = -6 - -8. Let r(m) be the second derivative of m**5/20 + 2*m**3/3 - 3*m**2/2 - 9867*m. Determine r(n).
13
Let g(c) = -c**2 + c - 2. Let w = 718 + -717. Let k(m) = -m**3 + 3*m**2 + 3*m - 10. Let a(v) = w*k(v) - 3*g(v). Give a(6).
-4
Suppose -2*y + 4*r - 30 = 0, -7*r - 55 = 5*y - 12*r. Let u(x) = -x**3 - 6*x**2 + 7*x - 2. Give u(y).
-2
Let c(g) = -g - 1. Let t be -1*(-1 + (14 - 8)). Let d be (2 + -3)*21/(t + 2). Determine c(d).
-8
Let i(t) = -11269*t**2 - 10*t + 11270*t**2 + 14 + 8. Calculate i(10).
22
Let t(n) = 3*n**3 - 5*n**3 - 7*n**3 + 11*n**3 + 4*n + 14*n**2 - 6*n + 6. Give t(-7).
20
Let g(p) = -p**3 + 9*p**2 - 6*p - 9. Let a(b) be the first derivative of 2*b**3/3 + 14*b**2 - 6*b - 23. Let w be a(-15). Suppose 16*m - w = 13*m. Give g(m).
7
Let w be (-25 + 18 + 4)*-3. Let g(m) = -m**2 - 5*m + 128. Determine g(w).
2
Let q(u) = -u**2 + 4*u - 6. Let j be q(3). Let a(d) be the third derivative of d**6/120 + d**5/15 + d**3/2 - 28*d**2 - 7*d + 5. What is a(j)?
12
Suppose -12*k + 137 = 113. Let m(n) = 18*n - 39. Give m(k).
-3
Let l(b) = 37*b**3 - 2*b**2 - b. Let a(t) = t**3 - 78*t**2 - 159*t + 1. Let i be a(-2). Determine l(i).
-38
Let h be (11 + 39)*33/(-2). Let y = h - -825. Let c(a) = -a - 2. Determine c(y).
-2
Suppose -3*o = 3*m - 18, -o + 4*m - 17 = 2*o. Let b(x) = 0 + 3 - o - 3281*x**2 + 2*x + 3278*x**2. What is b(-1)?
-3
Suppose -4*c + r + 129 = 0, -r = c + 1917 - 1953. Let j(i) = 24*i - 787. Calculate j(c).
5
Let c(s) = 2*s - s - 30 - 53 - 7*s + 110. Determine c(4).
3
Let j(f) = f**3 + 7*f**2 - 4*f - 6. Suppose 18*v + 77 + 14 - 19 = 0. Give j(v).
58
Let w(b) = 9*b**2 - 3*b + 2. Let d = 86 - 80. Let x(s) = s**2 - 3*s - 17. Let c be x(d). Give w(c).
8
Let h be (4/(-6))/(6/(-27)). Suppose x - j - 2 = 0, 2*x - 5*j + 5 = h. Let i be (3 - 2) + -4 + x. Let u(q) = -9*q. Calculate u(i).
-9
Let t(a) = -a**2 + 29*a + 253. Let i be t(36). Let j(u) = -11*u + 7*u + u**2 + 3*u + i + 5*u. Determine j(-4).
1
Let r(a) = 4*a + 12. Let t = 4510 - 4515. Give r(t).
-8
Let g be (-7)/((-14)/12) + 0. Let x = g + -4. Let a(d) = 5*d**x - 4*d**2 + 3*d**2 - 3*d**2 - 5*d - 5. Give a(6).
1
Let c(w) be the third derivative of -w**4/24 + w**3/2 - 423*w**2 + 2*w + 2. Determine c(-2).
5
Let u(k) be the first derivative of -k**2 + 34*k + 1178. Calculate u(16).
2
Let x(h) be the second derivative of -h**6/120 - h**5/30 + h**4/24 - h**3/6 + 43*h**2/2 - 2*h + 4. Let q(g) be the first derivative of x(g). What is q(-4)?
27
Let o = 138 - 136. Let f(b) = 3*b**o + 5*b**2 - 6 - 14*b**2 + 7*b**2. Suppose -2*i + 16 = -0*i + 4*r, -2*r + 8 = 4*i. Determine f(i).
-6
Let g(p) = 3*p - 2. Let w be 12/4 - (4 + -4). Suppose 3*m - 9 = 0, 27 = 2*n - 4*n + w*m. Let y = n + 11. Calculate g(y).
4
Suppose -3*h + 527 = 4*t, 2*h = 4*t - 3*h - 519. Suppose 4*c + t = 99. Let x(y) = -y**2 - 10*y - 9. Give x(c).
7
Suppose -4*y = 2*o + 2501 + 215, 2*y + 1358 = 5*o. Let x = y + 683. Let p(h) = h**3 - 4*h - 3. What is p(x)?
45
Suppose -5*g + c - 3735 = 0, g + 753 = -45*c + 44*c. Let j = g - -751. Let u(z) = 8*z - 1. What is u(j)?
23
Let i = -2159 - -2157. Let c(y) = 5*y**2 + 4*y - 6. What is c(i)?
6
Let v(f) be the first derivative of f**2 + 1/4*f**4 + 8*f - 123 - 8/3*f**3. Determine v(7).
-27
Let i(k) = -2*k**3 - 44*k**2 + 4*k + 86. Let z be i(-22). Let m(j) = -j**2 + 8*j - 8. Let v be m(6). Let l(w) = v*w**2 + 2*w + 6*w + 3 - 4*w + w**3. Give l(z).
3
Let m(h) = 2*h - 7. Suppose -136 = 128*c - 904. Determine m(c).
5
Let s(b) = -2*b**2 + 7*b + 5. Let a = -1907 + 1912. What is s(a)?
-10
Let f = 413 - 405. Let s(p) = -6*p + 26. What is s(f)?
-22
Let c(r) = 4*r - 46*r**3 + r**2 - 2 - 39*r**3 + 84*r**3. Let j(n) = n**3 - 9*n**2 - 20*n - 2. Let u be j(11). Let b be (-90)/u*(-4)/6. What is c(b)?
-8
Let h(c) = 4*c + 11. Let g be 0 - ((-45)/105)/(2 + (-31)/14). Give h(g).
3
Let g be 24/42 + (-96)/168. Let m(u) = -u + 3 - 8 - 6 + 2*u. Give m(g).
-11
Let w be (-768)/(-22) + 1600/(-1760). Let i(p) = -2*p**3 + 67*p**2 + 32*p + 43. Determine i(w).
-25
Let n(w) = 4*w + 27. Let h = 6469 - 6464. Give n(h).
47
Suppose -2*d = 2*d + 4*m - 28, d - 3 = m. Let g be 1/2 - (-1050)/60. Let k(w) = 7 - 13*w - g*w + 41*w - 9*w. Give k(d).
12
Let b(k) be the second derivative of 4*k**3/3 + k**2 + 2*k + 971. Calculate b(-5).
-38
Let b(i) = -16*i**3 + 43*i**2 - 39*i + 20. Let u(c) = 3*c**3 - 8*c**2 + 7*c - 4. Let m(d) = -2*b(d) - 11*u(d). Give m(3).
-2
Let r(w) = w**2 + 5*w - 18. Let a(t) = -t**2 - 2*t + 14. Let x(g) = 3*a(g) + 2*r(g). Give x(7).
-15
Let b(n) be the second derivative of n**4/6 + 27*n**3/2 - 127*n**2/2 - 1172*n. What is b(-42)?
-1
Let y(f) = -16*f + 46*f - f**2 - 16*f - 13*f + 1. Let v(i) = -i**3 + 11*i**2 - 8*i - 4. Let s(c) = 2*v(c) + 14*y(c). Determine s(4).
-2
Let d = -102 + 108. Let y(a) = -a**3 - 17*a + 25*a + d + 7*a**2 - 16*a. Calculate y(6).
-6
Let d(z) = -z**3 - 3*z**2 - 3*z - 63. Let x be d(-5). Let a(l) = -l**3 + 12*l**2 - 2 + 0*l**x - 13*l**2. What is a(0)?
-2
Suppose 5*v = -5*r, 3*r - v = 6 - 26. Let t(d) = -4*d + 270. Let u(g) = -4*g + 211. Let y(q) = -4*t(q) + 5*u(q). Calculate y(r).
-5
Let z = 159895 + -159895. Let x(l) be the first derivative of l**2/2 - 28*l - 1. What is x(z)?
-28
Let a = 232 + -229. Let v(b) = -a*b + 0*b**2 + b**2 - 451 + 440. Determine v(5).
-1
Let j(u) be the first derivative of 13*u**3/3 - 3*u**2/2 - 3*u - 802. What is j(3)?
105
Let i(p) = -13*p**2 + 12*p - 14. Let f be (3 - 6)/(6/(-10)). Let j(w) = 8*w**2 - 6*w + 7. Let h(v) = f*j(v) + 3*i(v). What is h(-7)?
0
Let o(u) = u**2 - 7*u - 3. Let g(h) = h - 5. Let b be g(9). Suppose -4*z - 3*n + 37 = 0, -n = -b*z - 2*n + 31. Suppose 18 = -4*p + z*p. Give o(p).
-9
Let b(j) = -28*j**2 + 2*j - 37. Let w(u) = -15*u**2 + u - 20. Let v(q) = -6*b(q) + 11*w(q). What is v(-2)?
16
Let c(f) = -7*f + 8. Suppose 18*k - 20*k = 3*p - 13, -4*k - 4*p + 24 = 0. Let i(a) = -4*a + 3. Let u(t) = k*i(t) - 3*c(t). Calculate u(9).
0
Let c(s) = s. Let h be c(-6). Let n be 6*(-8)/(-64)*4. Let t(p) = -p**3 - p**2 - 2 - 4*p**2 + 2 + 936*p - 930*p + n. Determine t(h).
3
Let k(n) = -4*n. Let v(t) = 16*t + 1. Let m(i) = i - 15. Let l be m(13). Let f(s) = l*v(s) - 9*k(s). Determine f(-2).
-10
Let c(w) = -24*w - 52. Let r be (62/(-589))/((-7)/(-133)). What is c(r)?
-4
Let l(v) be the second derivative of v**5/10 - 7*v**4/12 + 7*v**3/3 - 31*v**2/2 - v - 377. Calculate l(3).
2
Let x(w) = 4*w + 12. Let t be x(4). Let f be ((-15)/(-20) + -1)*t + 4. Let v(y) = -y**2 - 3*y - 6. Determine v(f).
-6
Let o(n) = n**2 + 39*n - 229. Let i be o(-44). Let g(j) be the first derivative of -j**4/4 - 8*j**3/3 + 9*j**2/2 - 9*j - 3. What is g(i)?
-9
Suppose -117 = 1665*j - 1674*j. Let k(w) = 3*w**3 + 7*w**2 + w**2 + 12*w + 4*w**2 + 17 - 4*w**3. Give k(j).
4
Let p(z) = z**3 - 3*z**2 - 3*z + 16. Let r(k) = -k**3 + 4*k**2 + 4*k - 18. Let w(f) = 7*p(f) + 6*r(f). Let g = 8 - 11. Calculate w(g).
-5
Let f(a) = -2*a - 12. Let s = -119 + 129. Let m be s/(-2)*(43 - 42). Give f(m).
-2
Let m(k) be the third derivative of -1/3*k**3 - 1/120*k**6 + 2/15*k**5 - 1/4*k**4 - 83*k**2 + 0 + 0*k. Determine m(7).
5
Let b(u) = 73*u**2 - 28*u**2 - 46*u**2 + 8. Give b(-3).
-1
Let t(u) = 6*u. Suppose -p - 2*o = -10, -10*p + 4*o = -7*p. Suppose 16*i - 5*m = 15*i + 16, -p*i + 2*m = 26. Calculate t(i).
-54
Let q(n) = n - 13. Let f(g) = -g + 21. Suppose 3*k = -4*a - 24, -4*a = 12*k - 7*k + 32. Let m(i) = a*f(i) - 5*q(i). Determine m(-2).
6
Let y(v) = -v**3 + 3*v**2 + v + 7. Let s be y(4). Let n be (16/40 - (-4)/s)*-5. Let q(u) = 3*u**n + 4 + 0 - 3 - u - u. Calculate q(1).
2
Let d(l) = l**3 + 12*l**2 + 10*l - 7. Let u = 2647 + -2658. Calculate d(u).
4
Let r(h) = -h + 5. Let x be 6 + 52 + 1 - 4. Let o be (-25)/5 + x/5. Determine r(o).
-1
Let c(z) = -13*z + 2*z**3 - 28*z - z**3 + 5*z**2 + 6 + 36*z. Let d(g) = -3*g**2 - 2*g + 1. Let v be d(2). Let y = -21 - v. What is c(y)?
0
Let g be (388/6 - -2)*(-9)/3. Let u be ((-8)/5)/(-10*8/g). Let o(y) = y**3 + 5*y**2 + 6*y + 4. What is o(u)?
-4
Let a(x) = x**3 + 7 - 2*x**2 - 48*x - 5 - 4 + 19*x**2 + 3*x**2. What is a(2)?
-10
Let a be ((-63)/(-14))/3 + 9*(-8)/(-16). Let h(b) be the first derivative of -b**2/2 - 2*b + 1. Calculate h(a).
-8
Let i(d) be the third derivative of d**5/60 + d